{"id":8241,"date":"2019-12-04T11:03:17","date_gmt":"2019-12-04T09:03:17","guid":{"rendered":"https:\/\/primariajibou.ro\/site\/?page_id=8241"},"modified":"2019-12-04T11:03:17","modified_gmt":"2019-12-04T09:03:17","slug":"hotararea-nr-115-din-27-09-2016","status":"publish","type":"page","link":"https:\/\/primariajibou.ro\/site\/hotararea-nr-115-din-27-09-2016\/","title":{"rendered":"HOT\u0102R\u00c2REA nr 115             Din 27.09.2016"},"content":{"rendered":"\n<p>ROM\u00c2NIA<\/p>\n\n\n\n<p>JUDE\u0162UL S\u0102LAJ<\/p>\n\n\n\n<p>ORA\u015eUL JIBOU<\/p>\n\n\n\n<p>CONSILIUL LOCAL<\/p>\n\n\n\n<p>HOT\u0102R\u00c2REA nr 115<\/p>\n\n\n\n<p>Din&nbsp;&nbsp;&nbsp;&nbsp; 27 .09.&nbsp; 2016<\/p>\n\n\n\n<p>Privind numirea reprezentantilor&nbsp; Consiliului Local&nbsp; \u00een&nbsp; Consiliile de Administra\u0163ie&nbsp;&nbsp; si in Comisia&nbsp; de Evaluare a&nbsp; Calitatii&nbsp; Educatiei&nbsp;&nbsp; la unit\u0103\u0163ile de \u00eenv\u0103\u0163\u0103m\u00e2nt din orasul JIBOU<\/p>\n\n\n\n<p>&nbsp;&nbsp;&nbsp;&nbsp;&nbsp;&nbsp;&nbsp;&nbsp;&nbsp;&nbsp;&nbsp; Consiliul Local&nbsp; Jibou, \u00eentrunit \u00een \u015fedin\u0163\u0103 ordinar\u0103 \u00een data de 27. 09.&nbsp; 2016<\/p>\n\n\n\n<p>&nbsp;&nbsp;&nbsp;&nbsp;&nbsp;&nbsp;&nbsp;&nbsp;&nbsp;&nbsp;&nbsp; Av\u00e2nd \u00een vedere referatul&nbsp; nr 11653 din 14.09 2016&nbsp;&nbsp; a secretarului ora\u015fului Jibou prin care se invoc\u0103 adresele unit\u0103\u0163ilor de \u00eenv\u0103\u0163\u0103m\u00e2nt&nbsp; privind solicitarea de&nbsp; numire a unui reprezentant al Consiliului Local&nbsp; \u00een Consiliul de Administra\u0163ie si numirea unui reprezentant al Consiliului local in Comisia&nbsp; de Evaluare a&nbsp; Calitatii&nbsp; Educatiei&nbsp;&nbsp; la unit\u0103\u0163ile de \u00eenv\u0103\u0163\u0103m\u00e2nt din orasul JIBOU&nbsp; expunerea de motive a d-lui primar \u015fi avizul favorabil al comisiei de specialitate nr.2.<\/p>\n\n\n\n<p>&nbsp;&nbsp;&nbsp;&nbsp;&nbsp;&nbsp;&nbsp;&nbsp;&nbsp;&nbsp;&nbsp; In conformitate cu art&nbsp; 96 alin.2 lit.a legea nr&nbsp; 1\/2001 &#8211; legea educa\u0163iei cu modificarile si completarile&nbsp; ulterioare , Vazand prevederile&nbsp; art 4 din Ordinul nr.4619 din 22 .09 2014&nbsp; al Ministerului&nbsp; Educatiei Nationale&nbsp; pentru aprobarea Metodologiei Cadru&nbsp; de organizare si functionare a Consiliului de Administratie&nbsp; din unitatile de invatamant&nbsp; preuniversitar ,modificat prin&nbsp; Ordinul&nbsp; nr 4621\/2015 a Ministerului Educatiei&nbsp; si Cercetarii Stiintifice :&nbsp;&nbsp; ;<\/p>\n\n\n\n<p>&nbsp;&nbsp;&nbsp;&nbsp;&nbsp;&nbsp;&nbsp;&nbsp;&nbsp;&nbsp;&nbsp; In temeiul art.36(2) lit.d, pct.6 lit.a,pct.1&nbsp; \u015fi art. 45(1) din Legea nr. 215\/2001 privind administra\u0163ia public\u0103 local\u0103, republicat\u0103,<\/p>\n\n\n\n<p>&nbsp;&nbsp;&nbsp;&nbsp;&nbsp;&nbsp;&nbsp;&nbsp;&nbsp;&nbsp;&nbsp;&nbsp;&nbsp;&nbsp;&nbsp;&nbsp;&nbsp;&nbsp;&nbsp;&nbsp;&nbsp;&nbsp;&nbsp;&nbsp;&nbsp;&nbsp;&nbsp;&nbsp;&nbsp;&nbsp;&nbsp;&nbsp;&nbsp;&nbsp;&nbsp; &nbsp;&nbsp;&nbsp;&nbsp;&nbsp;&nbsp;&nbsp;&nbsp;&nbsp;&nbsp;&nbsp; Hot\u0103r\u0103\u015fte:<\/p>\n\n\n\n<p>&nbsp;&nbsp;&nbsp;&nbsp;&nbsp;&nbsp;&nbsp;&nbsp;&nbsp;&nbsp;&nbsp; Art. 1 \u2013 Se numesc reprezentan\u0163ii Consiliului local al ora\u015fului Jibou \u00een Consiliul&nbsp; de Administra\u0163ie&nbsp; si Comisia de evaluare&nbsp; si asigurare a calitatii de la unit\u0103\u0163ile de \u00eenv\u0103\u0163\u0103m\u00e2nt, astfel:<\/p>\n\n\n\n<p>1. Taran Daniel&nbsp; &#8211;&nbsp;&nbsp; reprezentant&nbsp; in&nbsp; Consiliul de adm.&nbsp; &#8211; Sc. Gimnz .&nbsp; Lucian Blaga<\/p>\n\n\n\n<p>2. Pop Emmanuel-&nbsp; reprezentant&nbsp; in Comisia de evaluare&nbsp;&nbsp; Sc Gimnz. Lucian Blaga<\/p>\n\n\n\n<p>&nbsp;&nbsp; 3. Muresan Augustin&nbsp; &#8211; reprezentant .in&nbsp; Consiliul de&nbsp; adm&nbsp;&nbsp;&nbsp;&nbsp;&nbsp;&nbsp;&nbsp;&nbsp;&nbsp;&nbsp;&nbsp;&nbsp; &#8211; Clubul Copiilor<\/p>\n\n\n\n<p>&nbsp;&nbsp; 4. Almas Ioan&nbsp;&nbsp;&nbsp;&nbsp;&nbsp; &#8211;&nbsp; reprezentant in&nbsp; Comisia de evaluare&nbsp;&nbsp;&nbsp;&nbsp;&nbsp;&nbsp;&nbsp;&nbsp;&nbsp;&nbsp;&nbsp;&nbsp;&nbsp;&nbsp; &#8211;&nbsp; Clubul Copiilor<\/p>\n\n\n\n<p>&nbsp;&nbsp; 5.&nbsp; Pintea Victor&nbsp;&nbsp;&nbsp; &#8211; reprezentant Comisia de&nbsp;&nbsp; evaluare&nbsp;&nbsp;&nbsp;&nbsp; &#8211; Liceul&nbsp;&nbsp; Ion Agarbiceanu &nbsp;&nbsp;&nbsp;<\/p>\n\n\n\n<p>&nbsp;&nbsp; 6&nbsp; Cotut Stefan&nbsp;&nbsp;&nbsp;&nbsp;&nbsp; &#8211; reprezentat Comisia&nbsp; de evaluare&nbsp;&nbsp;&nbsp;&nbsp;&nbsp;&nbsp;&nbsp;&nbsp;&nbsp;&nbsp;&nbsp;&nbsp; Gradinita \u201cPrichindeel\u201d&nbsp;&nbsp;&nbsp;&nbsp;&nbsp;&nbsp;&nbsp;&nbsp;<\/p>\n\n\n\n<p>&nbsp;&nbsp;&nbsp;&nbsp;&nbsp;&nbsp;&nbsp;&nbsp;&nbsp;&nbsp;&nbsp; Art. 2 \u2013 Prezenta se comunic\u0103 cu:<\/p>\n\n\n\n<ul class=\"wp-block-list\"><li>Domnii consilieri numi\u0163i la. art 1<\/li><li>Institu\u0163iile de \u00eenv\u0103\u0163\u0103m\u00e2nt<\/li><li>Institu\u0163ia Prefectului jude\u0163ului S\u0103laj<\/li><li>Mijloace de publicitate<\/li><li>Dosar hot\u0103r\u00e2ri \/dosar sedinta<\/li><\/ul>\n\n\n\n<p>Pre\u015fedinte de \u015fedin\u0163\u0103,&nbsp;&nbsp;&nbsp;&nbsp;&nbsp;&nbsp;&nbsp;&nbsp;&nbsp;&nbsp;&nbsp;&nbsp;&nbsp;&nbsp;&nbsp;&nbsp;&nbsp;&nbsp;&nbsp;&nbsp;&nbsp;&nbsp;&nbsp;&nbsp;&nbsp;&nbsp;&nbsp;&nbsp;&nbsp;&nbsp;&nbsp;&nbsp;&nbsp;&nbsp;&nbsp;&nbsp;&nbsp;&nbsp;&nbsp;&nbsp;&nbsp;&nbsp;&nbsp;&nbsp;&nbsp;&nbsp;&nbsp;&nbsp;&nbsp;&nbsp;&nbsp;&nbsp;&nbsp;&nbsp;&nbsp;&nbsp;&nbsp;&nbsp;&nbsp;&nbsp;&nbsp;&nbsp; Contrasemneaz\u0103:<\/p>\n\n\n\n<p>&nbsp;&nbsp;&nbsp;&nbsp;&nbsp;&nbsp;&nbsp;&nbsp;&nbsp;&nbsp;&nbsp;&nbsp;&nbsp;&nbsp;&nbsp;&nbsp;&nbsp;&nbsp;&nbsp;&nbsp;&nbsp;&nbsp;&nbsp;&nbsp;&nbsp;&nbsp;&nbsp;&nbsp;&nbsp;&nbsp;&nbsp;&nbsp;&nbsp;&nbsp;&nbsp;&nbsp;&nbsp; &nbsp;&nbsp;&nbsp;&nbsp;&nbsp;&nbsp;&nbsp;&nbsp;&nbsp;&nbsp;&nbsp;&nbsp;&nbsp;&nbsp;&nbsp;&nbsp;&nbsp;&nbsp;&nbsp;&nbsp;&nbsp;&nbsp;&nbsp;&nbsp;&nbsp;&nbsp;&nbsp;&nbsp;&nbsp;&nbsp;&nbsp;&nbsp;&nbsp;&nbsp;&nbsp;&nbsp;&nbsp;&nbsp;&nbsp;&nbsp;&nbsp;&nbsp;&nbsp;&nbsp;&nbsp;&nbsp;&nbsp;&nbsp;&nbsp;&nbsp;&nbsp;&nbsp;&nbsp;&nbsp;&nbsp;&nbsp;&nbsp; Secretar ora\u015f,<\/p>\n\n\n\n<p>Micle Corina &nbsp;&nbsp;&nbsp;&nbsp;&nbsp;&nbsp;&nbsp;&nbsp;&nbsp;&nbsp;&nbsp;&nbsp;&nbsp;&nbsp;&nbsp;&nbsp;&nbsp;&nbsp;&nbsp;&nbsp;&nbsp;&nbsp;&nbsp;&nbsp;&nbsp;&nbsp;&nbsp;&nbsp;&nbsp;&nbsp;&nbsp;&nbsp;&nbsp;&nbsp;&nbsp;&nbsp;&nbsp;&nbsp;&nbsp;&nbsp;&nbsp;&nbsp;&nbsp;&nbsp;&nbsp;&nbsp;&nbsp;&nbsp;&nbsp;&nbsp; &nbsp;&nbsp;&nbsp;&nbsp;&nbsp;&nbsp;&nbsp;&nbsp;&nbsp;&nbsp;&nbsp;&nbsp;&nbsp;&nbsp;&nbsp;&nbsp;&nbsp;&nbsp;&nbsp;&nbsp;&nbsp;&nbsp;&nbsp; Opri\u015f Maria<\/p>\n","protected":false},"excerpt":{"rendered":"<p>ROM\u00c2NIA JUDE\u0162UL S\u0102LAJ ORA\u015eUL JIBOU CONSILIUL LOCAL HOT\u0102R\u00c2REA nr 115 Din&nbsp;&nbsp;&nbsp;&nbsp; 27 .09.&nbsp; 2016 Privind numirea reprezentantilor&nbsp; Consiliului Local&nbsp; \u00een&nbsp; Consiliile de Administra\u0163ie&nbsp;&nbsp; si in&#8230;<\/p>\n","protected":false},"author":1,"featured_media":0,"parent":0,"menu_order":0,"comment_status":"closed","ping_status":"closed","template":"","meta":{"footnotes":""},"class_list":["post-8241","page","type-page","status-publish","hentry"],"_links":{"self":[{"href":"https:\/\/primariajibou.ro\/site\/wp-json\/wp\/v2\/pages\/8241","targetHints":{"allow":["GET"]}}],"collection":[{"href":"https:\/\/primariajibou.ro\/site\/wp-json\/wp\/v2\/pages"}],"about":[{"href":"https:\/\/primariajibou.ro\/site\/wp-json\/wp\/v2\/types\/page"}],"author":[{"embeddable":true,"href":"https:\/\/primariajibou.ro\/site\/wp-json\/wp\/v2\/users\/1"}],"replies":[{"embeddable":true,"href":"https:\/\/primariajibou.ro\/site\/wp-json\/wp\/v2\/comments?post=8241"}],"version-history":[{"count":0,"href":"https:\/\/primariajibou.ro\/site\/wp-json\/wp\/v2\/pages\/8241\/revisions"}],"wp:attachment":[{"href":"https:\/\/primariajibou.ro\/site\/wp-json\/wp\/v2\/media?parent=8241"}],"curies":[{"name":"wp","href":"https:\/\/api.w.org\/{rel}","templated":true}]}}