{"id":11078,"date":"2021-05-05T12:53:26","date_gmt":"2021-05-05T10:53:26","guid":{"rendered":"https:\/\/primariajibou.ro\/site\/?page_id=11078"},"modified":"2022-01-28T14:27:06","modified_gmt":"2022-01-28T12:27:06","slug":"procese-verbale-ale-consiliului-local-2021","status":"publish","type":"page","link":"https:\/\/primariajibou.ro\/site\/procese-verbale-ale-consiliului-local-2021\/","title":{"rendered":"Procese Verbale ale Consiliului Local &#8211; 2021"},"content":{"rendered":"\t\t<div data-elementor-type=\"wp-page\" data-elementor-id=\"11078\" class=\"elementor elementor-11078\">\n\t\t\t\t\t\t<section class=\"elementor-section elementor-top-section elementor-element elementor-element-2a95b8c elementor-section-boxed elementor-section-height-default elementor-section-height-default\" data-id=\"2a95b8c\" data-element_type=\"section\" data-e-type=\"section\">\n\t\t\t\t\t\t<div class=\"elementor-container elementor-column-gap-default\">\n\t\t\t\t\t<div class=\"elementor-column elementor-col-100 elementor-top-column elementor-element elementor-element-8c1eee7\" data-id=\"8c1eee7\" data-element_type=\"column\" data-e-type=\"column\">\n\t\t\t<div class=\"elementor-widget-wrap elementor-element-populated\">\n\t\t\t\t\t\t<div class=\"elementor-element elementor-element-ab3a4c1 elementor-widget elementor-widget-text-editor\" data-id=\"ab3a4c1\" data-element_type=\"widget\" data-e-type=\"widget\" data-widget_type=\"text-editor.default\">\n\t\t\t\t<div class=\"elementor-widget-container\">\n\t\t\t\t\t\t\t\t\t<h4><span style=\"color: #000080;\"><strong>Ianuarie 2021<\/strong><\/span><\/h4><ul><li>26.01.2021 &#8211; <a href=\"https:\/\/primariajibou.ro\/site\/wp-content\/uploads\/2021\/08\/proces-verbal-26.01.2021.docx\">PROCES VERBAL \u00cencheiat azi 26.01.2021 cu ocazia \u0219edin\u021bei ordinare a Consiliului Local Jibou<\/a><\/li><\/ul><h4><span style=\"color: #000080;\"><strong>Februarie 2021<\/strong><\/span><\/h4><ul><li>23.02.2021 &#8211;\u00a0 <a href=\"https:\/\/primariajibou.ro\/site\/wp-content\/uploads\/2021\/05\/proces-verbal-sedinta-ordinara-23.02.2021.docx\">PROCES VERBAL &#8211; \u00cencheiat azi, 23.02.2021, cu ocazia \u015fedin\u0163ei ordinare a Consiliului Local al ora\u0219ului Jibou care s-a desf\u0103\u015furat on-line utiliz\u00e2nd platforma\u00a0 SKYPE iar pentru votul proiectelor de hot\u0103r\u00e2ri, consilieriii utiliz\u00e2nd GOOGLE DRIVE<\/a><\/li><\/ul><h4><span style=\"color: #000080;\"><strong>Martie 2021<\/strong><\/span><\/h4><ul><li>30.03.2021 &#8211; <a href=\"https:\/\/primariajibou.ro\/site\/wp-content\/uploads\/2021\/05\/proces-verbal-sedinta-ordinara-30.03.2021.docx\">PROCES VERBAL &#8211; \u00cencheiat azi, 30.03.2021, cu ocazia \u015fedin\u0163ei ordinare a Consiliului Local al ora\u0219ului Jibou care s-a desf\u0103\u015furat on-line utiliz\u00e2nd platforma\u00a0 SKYPE iar pentru votul proiectelor de hot\u0103r\u00e2ri, consilierii utiliz\u00e2nd GOOGLE DRIVE<\/a><\/li><\/ul><h4><span style=\"color: #000080;\"><strong>Aprilie 2021<\/strong><\/span><\/h4><ul><li><p>20.04.2021 &#8211; <a href=\"https:\/\/primariajibou.ro\/site\/wp-content\/uploads\/2021\/08\/proces-verbal-sedinta-ordinara-20.04.2021.docx\">PROCES VERBAL \u00cencheiat azi, 20.04.2021, cu ocazia \u015fedin\u0163ei ordinare a Consiliului Local al ora\u0219ului Jibou care s-a desf\u0103\u015furat on-line utiliz\u00e2nd platforma\u00a0 SKYPE iar pentru votul proiectelor de hot\u0103r\u00e2ri, consilieriii utiliz\u00e2nd GOOGLE DRIVE \u015fi cu respectarea Hot\u0103r\u00e2rii Consiliului Local nr. 50 din 28.04.2020<\/a><\/p><\/li><\/ul><h4><span style=\"color: #000080;\"><strong>Mai 2021<\/strong><\/span><\/h4><ul><li>25.05.2021 &#8211; <a href=\"https:\/\/primariajibou.ro\/site\/wp-content\/uploads\/2021\/08\/proces-verbal-sedinta-ordinara-25.05.2021.docx\">PROCES VERBAL \u00cencheiat azi, 25.05.2021, cu ocazia \u015fedin\u0163ei ordinare a Consiliului Local al ora\u0219ului Jibou care s-a desf\u0103\u015furat on-line utiliz\u00e2nd platforma\u00a0 SKYPE iar pentru votul proiectelor de hot\u0103r\u00e2ri, consilieriii utiliz\u00e2nd GOOGLE DRIVE \u015fi cu respectarea Hot\u0103r\u00e2rii Consiliului Local nr. 50 din 28.04.2020<\/a><\/li><\/ul><h4><span style=\"color: #000080;\"><strong>Iunie 2021<\/strong><\/span><\/h4><ul><li>29.06.2021 &#8211;\u00a0 <a href=\"https:\/\/primariajibou.ro\/site\/wp-content\/uploads\/2021\/08\/proces-verbal-sedinta-ordinara.-29.06.2021.docx\">PROCES VERBAL \u00cencheiat azi, 29.06.2021, cu ocazia \u015fedin\u0163ei ordinare a Consiliului Local al ora\u0219ului Jibou care s-a desf\u0103\u015furat \u00een amfiteatrul Gradinii Botanice Jibou<\/a><\/li><\/ul><h4><span style=\"color: #000080;\"><strong>Iulie 2021<\/strong><\/span><\/h4><ul><li>09.07.2021 &#8211; <a href=\"https:\/\/primariajibou.ro\/site\/wp-content\/uploads\/2021\/08\/proces-verbal-sedinta-de-indata-09.07.2021.docx\">PROCES VERBAL \u00cencheiat azi, 09.07.2021 cu ocazia \u0219edin\u021bei de \u00eendat\u0103\u00a0<\/a><\/li><li><span style=\"color: #000080;\"><span style=\"color: #808080;\">14.07.2021<\/span> &#8211; <a href=\"https:\/\/primariajibou.ro\/site\/wp-content\/uploads\/2021\/08\/proces-verbal-sedinta-de-indata-14.07.2021.docx\">PROCES VERBAL\u00a0 \u00cencheiat azi, 14.07.2021 cu ocazia \u0219edin\u021bei de \u00eendat\u0103\u00a0<\/a><\/span><\/li><\/ul><div><h4><span style=\"color: #000080;\"><strong>August 2021<\/strong><\/span><\/h4><ul><li>10.08.2021 &#8211; <a href=\"https:\/\/primariajibou.ro\/site\/wp-content\/uploads\/2022\/01\/proces-verbal-sedinta-extraordinara-10.08.2021.docx\">PROCES VERBAL \u00cencheiat azi, 10.08.2021 cu ocazia \u0219edin\u021bei extraordinare a Consiliului Local Jibou<\/a><\/li><li>31.08.2021 &#8211; <a href=\"https:\/\/primariajibou.ro\/site\/wp-content\/uploads\/2022\/01\/proces-verbal-sedinta-ordinara-31.08.2021.docx\">\u00a0PROCES VERBAL \u00cencheiat azi, 31.08.2021 cu ocazia sedin\u021bei ordinare a Consiliului Local Jibou<\/a><\/li><\/ul><\/div>\t\t\t\t\t\t\t\t<\/div>\n\t\t\t\t<\/div>\n\t\t\t\t\t<\/div>\n\t\t<\/div>\n\t\t\t\t\t<\/div>\n\t\t<\/section>\n\t\t\t\t<\/div>\n\t\t","protected":false},"excerpt":{"rendered":"<p>Ianuarie 2021 26.01.2021 &#8211; PROCES VERBAL \u00cencheiat azi 26.01.2021 cu ocazia \u0219edin\u021bei ordinare a Consiliului Local Jibou Februarie 2021 23.02.2021 &#8211;\u00a0 PROCES VERBAL &#8211; \u00cencheiat&#8230;<\/p>\n","protected":false},"author":4,"featured_media":0,"parent":0,"menu_order":0,"comment_status":"closed","ping_status":"closed","template":"","meta":{"footnotes":""},"class_list":["post-11078","page","type-page","status-publish","hentry"],"_links":{"self":[{"href":"https:\/\/primariajibou.ro\/site\/wp-json\/wp\/v2\/pages\/11078","targetHints":{"allow":["GET"]}}],"collection":[{"href":"https:\/\/primariajibou.ro\/site\/wp-json\/wp\/v2\/pages"}],"about":[{"href":"https:\/\/primariajibou.ro\/site\/wp-json\/wp\/v2\/types\/page"}],"author":[{"embeddable":true,"href":"https:\/\/primariajibou.ro\/site\/wp-json\/wp\/v2\/users\/4"}],"replies":[{"embeddable":true,"href":"https:\/\/primariajibou.ro\/site\/wp-json\/wp\/v2\/comments?post=11078"}],"version-history":[{"count":0,"href":"https:\/\/primariajibou.ro\/site\/wp-json\/wp\/v2\/pages\/11078\/revisions"}],"wp:attachment":[{"href":"https:\/\/primariajibou.ro\/site\/wp-json\/wp\/v2\/media?parent=11078"}],"curies":[{"name":"wp","href":"https:\/\/api.w.org\/{rel}","templated":true}]}}